{"id":3008,"date":"2024-07-15T13:49:46","date_gmt":"2024-07-15T11:49:46","guid":{"rendered":"https:\/\/welcomenext.com\/scormproxy\/?page_id=3008"},"modified":"2024-07-15T13:49:46","modified_gmt":"2024-07-15T11:49:46","slug":"politique-de-confidentialite","status":"publish","type":"page","link":"https:\/\/welcomenext.com\/scormproxy\/fr\/politique-de-confidentialite\/","title":{"rendered":"Politique de confidentialit\u00e9"},"content":{"rendered":"<div class=\"fusion-fullwidth fullwidth-box fusion-builder-row-1 fusion-flex-container nonhundred-percent-fullwidth non-hundred-percent-height-scrolling\" style=\"--awb-border-radius-top-left:0px;--awb-border-radius-top-right:0px;--awb-border-radius-bottom-right:0px;--awb-border-radius-bottom-left:0px;--awb-margin-top:50px;--awb-flex-wrap:wrap;\" ><div class=\"fusion-builder-row fusion-row fusion-flex-align-items-flex-start fusion-flex-content-wrap\" style=\"max-width:1393.6px;margin-left: calc(-4% \/ 2 );margin-right: calc(-4% \/ 2 );\"><div class=\"fusion-layout-column fusion_builder_column fusion-builder-column-0 fusion_builder_column_1_1 1_1 fusion-flex-column\" style=\"--awb-bg-size:cover;--awb-width-large:100%;--awb-margin-top-large:0px;--awb-spacing-right-large:1.92%;--awb-margin-bottom-large:0px;--awb-spacing-left-large:1.92%;--awb-width-medium:100%;--awb-order-medium:0;--awb-spacing-right-medium:1.92%;--awb-spacing-left-medium:1.92%;--awb-width-small:100%;--awb-order-small:0;--awb-spacing-right-small:1.92%;--awb-spacing-left-small:1.92%;\"><div class=\"fusion-column-wrapper fusion-column-has-shadow fusion-flex-justify-content-flex-start fusion-content-layout-column\"><div class=\"fusion-text fusion-text-1\"><h3><strong>POLITIQUE DE CONFIDENTIALIT\u00c9.<\/strong><\/h3>\n<p>L&#8217;objectif de cette politique est d&#8217;informer les personnes concern\u00e9es des diff\u00e9rents traitements r\u00e9alis\u00e9s par cette organisation via le site web et qui affectent leurs donn\u00e9es personnelles conform\u00e9ment \u00e0 la Loi Organique 3\/2018, du 5 d\u00e9cembre, sur la Protection des Donn\u00e9es Personnelles et la garantie des droits num\u00e9riques et le R\u00e8glement (UE) 2016\/679 du Parlement Europ\u00e9en et du Conseil du 27 avril 2016.<\/p>\n<ol>\n<li><strong>IDENTIFICATION ET COORDONN\u00c9ES DU RESPONSABLE.<\/strong><\/li>\n<\/ol>\n<p>L&#8217;organisation WELCOMENEXT S.L., domicili\u00e9e \u00e0 COMPLEJO EMPRESARIAL AVENIDA DE EUROPA 26, ATICA 5, 2\u00e8me (28224 POZUELO DE ALARCON) MADRID, avec N.I.F. B86432325, t\u00e9l\u00e9phone de contact : 911845972 et e-mail info@welcomenext.com.<\/p>\n<ol start=\"2\">\n<li><strong>FINALIT\u00c9S DU TRAITEMENT DE VOS DONN\u00c9ES PERSONNELLES.<\/strong><\/li>\n<\/ol>\n<ul>\n<li><strong>UTILISATEURS\/NAVIGATEURS DU SITE WEB DU RESPONSABLE.<\/strong><\/li>\n<\/ul>\n<p>Nous traiterons vos donn\u00e9es personnelles fournies via nos formulaires web pour :<\/p>\n<ul>\n<li>R\u00e9pondre aux demandes, plaintes et incidents transmis via nos canaux de contact int\u00e9gr\u00e9s sur le site web.<\/li>\n<li>Comprendre le comportement des navigateurs sur le site web afin de d\u00e9tecter d&#8217;\u00e9ventuelles attaques informatiques sur notre site.<\/li>\n<li>Se conformer aux obligations l\u00e9gales qui nous sont directement applicables et qui r\u00e9gissent notre activit\u00e9.<\/li>\n<li>Pour prot\u00e9ger et exercer nos droits ou r\u00e9pondre \u00e0 des r\u00e9clamations de toute nature.<\/li>\n<li>Le cas \u00e9ch\u00e9ant, envoyer des communications commerciales relatives aux biens ou services qui composent notre activit\u00e9, et\/ou des nouvelles ou bulletins li\u00e9s \u00e0 notre secteur.<\/li>\n<li>G\u00e9rer et vous envoyer le devis demand\u00e9. <u><\/u><\/li>\n<li><\/li>\n<\/ul>\n<p>Nous traiterons vos donn\u00e9es personnelles fournies via nos formulaires web pour :<\/p>\n<ul>\n<li>La gestion de la relation commerciale.<\/li>\n<li>La prestation des services que vous avez contract\u00e9s.<\/li>\n<li>Gestion des envois et r\u00e9ceptions de produits achet\u00e9s via ce site web.<\/li>\n<li>La gestion administrative, comptable et fiscale.<\/li>\n<li>R\u00e9pondre aux demandes, plaintes et incidents transmis via nos canaux de contact int\u00e9gr\u00e9s sur le site web.<\/li>\n<li>Comprendre le comportement des navigateurs sur le site web afin de d\u00e9tecter d&#8217;\u00e9ventuelles attaques informatiques sur notre site.<\/li>\n<li>Le cas \u00e9ch\u00e9ant, envoyer des communications commerciales relatives aux biens ou services qui composent notre activit\u00e9, et\/ou des nouvelles ou bulletins li\u00e9s \u00e0 notre secteur.<\/li>\n<li>Se conformer aux obligations l\u00e9gales qui nous sont directement applicables et qui r\u00e9gissent notre activit\u00e9.<\/li>\n<li>Pour prot\u00e9ger et exercer nos droits ou r\u00e9pondre \u00e0 des r\u00e9clamations de toute nature.<\/li>\n<\/ul>\n<ol start=\"3\">\n<li><strong>BASE JURIDIQUE DU TRAITEMENT.<\/strong><\/li>\n<\/ol>\n<ul>\n<li><strong>UTILISATEURS\/NAVIGATEURS DU SITE WEB DU RESPONSABLE.<\/strong><\/li>\n<li>Sur la base du consentement que vous nous avez donn\u00e9 pour traiter vos donn\u00e9es aux fins indiqu\u00e9es. Le refus de fournir vos donn\u00e9es personnelles entra\u00eenera l&#8217;impossibilit\u00e9 de traiter vos donn\u00e9es aux fins mentionn\u00e9es.<\/li>\n<li>Pour se conformer aux obligations l\u00e9gales qui nous sont applicables. Dans ce cas, la personne concern\u00e9e ne pourra pas s&#8217;opposer au traitement des donn\u00e9es personnelles.<\/li>\n<li>Dans notre int\u00e9r\u00eat l\u00e9gitime de prot\u00e9ger notre image, notre activit\u00e9 et notre parcours en \u00e9vitant les attaques contre notre site web. Dans ce cas, la personne concern\u00e9e ne pourra pas s&#8217;opposer au traitement des donn\u00e9es personnelles, bien qu&#8217;elle puisse exercer, le cas \u00e9ch\u00e9ant, les droits reconnus au paragraphe huit de la pr\u00e9sente politique.<\/li>\n<li><\/li>\n<li>Ex\u00e9cution d&#8217;un contrat auquel elle est partie ou application de mesures pr\u00e9contractuelles. Le refus de fournir vos donn\u00e9es personnelles entra\u00eenera l&#8217;impossibilit\u00e9 de traiter vos donn\u00e9es aux fins mentionn\u00e9es.<\/li>\n<li>Sur la base du consentement que vous nous avez donn\u00e9 pour traiter vos donn\u00e9es aux fins \u00e9trang\u00e8res au d\u00e9veloppement ou \u00e0 l&#8217;ex\u00e9cution du contrat existant. Le refus de fournir vos donn\u00e9es personnelles entra\u00eenera l&#8217;impossibilit\u00e9 de traiter vos donn\u00e9es aux fins mentionn\u00e9es.<\/li>\n<li>Pour se conformer aux obligations l\u00e9gales qui nous sont applicables. Dans ce cas, la personne concern\u00e9e ne pourra pas s&#8217;opposer au traitement des donn\u00e9es personnelles.<\/li>\n<li>Dans notre int\u00e9r\u00eat l\u00e9gitime de prot\u00e9ger notre image, notre activit\u00e9 et notre parcours en \u00e9vitant les attaques contre notre site web. Dans ce cas, la personne concern\u00e9e ne pourra pas s&#8217;opposer au traitement des donn\u00e9es personnelles, bien qu&#8217;elle puisse exercer, le cas \u00e9ch\u00e9ant, les droits reconnus au paragraphe huit de la pr\u00e9sente politique.<\/li>\n<\/ul>\n<ol start=\"4\">\n<li><strong>D\u00c9LAIS OU CRIT\u00c8RES DE CONSERVATION DES DONN\u00c9ES.<\/strong><\/li>\n<\/ol>\n<p>Les donn\u00e9es personnelles fournies seront conserv\u00e9es pendant le temps n\u00e9cessaire pour atteindre les objectifs pour lesquels elles ont \u00e9t\u00e9 initialement collect\u00e9es.<\/p>\n<p>Une fois que les donn\u00e9es ne seront plus n\u00e9cessaires pour le traitement en question, elles seront d\u00fbment bloqu\u00e9es pour \u00eatre, le cas \u00e9ch\u00e9ant, mises \u00e0 la disposition des Administrations et Organismes Publics comp\u00e9tents, Juges et Tribunaux ou le Minist\u00e8re Public, pendant le d\u00e9lai de prescription des actions pouvant d\u00e9couler de la relation entretenue avec le client et\/ou les d\u00e9lais de conservation l\u00e9galement pr\u00e9vus.<\/p>\n<p><em><u>P\u00e9riode de blocage des donn\u00e9es:<\/u><\/em><\/p>\n<ul>\n<li><strong>LE CODE CIVIL.<\/strong> Entre 5 ou 15 ans selon le cas, conform\u00e9ment \u00e0 l&#8217;article 1964.2 du code civil mentionn\u00e9.<\/li>\n<li><strong>LE CODE DE COMMERCE.<\/strong> Pendant 6 ans, conform\u00e9ment \u00e0 l&#8217;article 30 du code de commerce mentionn\u00e9. Cela s&#8217;applique aux informations commerciales relatives (factures \u00e9mises et re\u00e7ues, tickets, factures rectificatives, documents bancaires, etc.).<\/li>\n<li><strong>LA LOI G\u00c9N\u00c9RALE DES IMP\u00d4TS.<\/strong> Pendant 4 ans conform\u00e9ment aux articles 66 \u00e0 70 du code g\u00e9n\u00e9ral des imp\u00f4ts mentionn\u00e9. Cela s&#8217;applique aux informations relatives aux obligations fiscales.<\/li>\n<\/ul>\n<ol start=\"5\">\n<li><strong>D\u00c9CISIONS AUTOMATIS\u00c9ES ET \u00c9LABORATION DE PROFILS.<\/strong><\/li>\n<\/ol>\n<p>Le site web ne prend pas de d\u00e9cisions automatis\u00e9es ni ne dresse de profils.<\/p>\n<ol start=\"6\">\n<li><strong>DESTINATAIRES<\/strong><\/li>\n<\/ol>\n<p>Pendant la dur\u00e9e du traitement de vos donn\u00e9es personnelles, l&#8217;organisation pourra c\u00e9der vos donn\u00e9es aux destinataires suivants:<\/p>\n<ul>\n<li>Juges et Tribunaux.<\/li>\n<li>Forces et Corps de S\u00e9curit\u00e9 de l&#8217;\u00c9tat.<\/li>\n<li>Autres autorit\u00e9s ou organismes publics comp\u00e9tents, lorsque le responsable a l&#8217;obligation l\u00e9gale de fournir les donn\u00e9es personnelles.<\/li>\n<li>Banques et entit\u00e9s financi\u00e8res, en cas de contrat avec nous.<\/li>\n<\/ul>\n<ol start=\"7\">\n<li><strong>TRANSFERTS INTERNATIONAUX DE DONN\u00c9ES.<\/strong><\/li>\n<\/ol>\n<p>L&#8217;organisation ne r\u00e9alise aucun transfert international de donn\u00e9es.<\/p>\n<ol start=\"8\">\n<li><strong>DROITS.<\/strong><\/li>\n<\/ol>\n<p>Les personnes concern\u00e9es peuvent exercer \u00e0 tout moment et gratuitement les droits d&#8217;<strong>acc\u00e8s, de rectification et de suppression, ainsi que demander la limitation du traitement de leurs donn\u00e9es personnelles, s&#8217;y opposer, demander leur portabilit\u00e9 (lorsque cela est techniquement possible) ou retirer le consentement donn\u00e9<\/strong>, et le cas \u00e9ch\u00e9ant, lorsqu&#8217;il est appropri\u00e9<strong>, ne pas faire l&#8217;objet d&#8217;une d\u00e9cision bas\u00e9e uniquement sur un traitement automatis\u00e9, y compris le profilage.<\/strong><\/p>\n<p>Pour ce faire, vous pouvez utiliser les formulaires fournis par l&#8217;organisation, ou envoyer un \u00e9crit \u00e0 l&#8217;adresse postale ou e-mail indiqu\u00e9e ci-dessus. Dans tous les cas, votre demande doit \u00eatre accompagn\u00e9e d&#8217;une photocopie de votre pi\u00e8ce d&#8217;identit\u00e9 ou d&#8217;un document \u00e9quivalent, afin de prouver votre identit\u00e9.<\/p>\n<p>Si vous estimez que vos droits en mati\u00e8re de protection de vos donn\u00e9es personnelles ont \u00e9t\u00e9 viol\u00e9s, en particulier lorsque vous n&#8217;avez pas obtenu satisfaction dans l&#8217;exercice de vos droits, vous pouvez d\u00e9poser une plainte aupr\u00e8s de l&#8217;Autorit\u00e9 de Contr\u00f4le comp\u00e9tente en mati\u00e8re de protection des donn\u00e9es <strong>(Agence Espagnole de Protection des Donn\u00e9es)<\/strong>, via son site web : <a href=\"http:\/\/www.agpd.es\">www.agpd.es<\/a><\/p>\n<p>.<\/p>\n<p>En conformit\u00e9 avec l&#8217;article 21 de la Loi 34\/2002 sur les services de la soci\u00e9t\u00e9 de l&#8217;information et le commerce \u00e9lectronique, si vous ne souhaitez plus recevoir d&#8217;informations sur nos services, vous pouvez vous d\u00e9sinscrire en envoyant un e-mail \u00e0 info@welcomenext.com, avec pour objet <strong>\u201c<em>D\u00c9SABONNEMENTS\u201d.<\/em><\/strong><\/p>\n<ol start=\"9\">\n<li><strong>V\u00c9RACIT\u00c9 DES DONN\u00c9ES.<\/strong><\/li>\n<\/ol>\n<p>La personne concern\u00e9e garantit que les donn\u00e9es fournies sont vraies, exactes, compl\u00e8tes et mises \u00e0 jour; s&#8217;engageant \u00e0 informer de tout changement concernant les donn\u00e9es fournies, par les canaux pr\u00e9vus \u00e0 cet effet et indiqu\u00e9s au point un de la pr\u00e9sente politique. Il sera responsable de tout dommage ou pr\u00e9judice, direct ou indirect, pouvant r\u00e9sulter du non-respect de cette obligation.<\/p>\n<p>Dans le cas o\u00f9 l&#8217;utilisateur fournirait des donn\u00e9es de tiers, il d\u00e9clare qu&#8217;il a obtenu le consentement des personnes concern\u00e9es et s&#8217;engage \u00e0 leur transmettre les informations contenues dans cette clause, exon\u00e9rant l&#8217;organisation de toute responsabilit\u00e9 d\u00e9coulant du non-respect de cette obligation.<\/p>\n<ol start=\"10\">\n<li><strong><em>R\u00c9SEAUX SOCIAUX<\/em><\/strong><\/li>\n<\/ol>\n<p><em>Les r\u00e9seaux sociaux font partie du quotidien de nombreux utilisateurs d&#8217;Internet, et pour eux, l&#8217;Entit\u00e9 a cr\u00e9\u00e9 diff\u00e9rents profils sur certains d&#8217;entre eux.<\/em><\/p>\n<p><em>Tous les utilisateurs qui visitent notre site web ont la possibilit\u00e9 de rejoindre nos r\u00e9seaux sociaux ou groupes.<\/em><\/p>\n<p><em>Cependant, vous devez garder \u00e0 l&#8217;esprit que, sauf si nous vous demandons directement vos donn\u00e9es (par exemple, via des actions de marketing, des concours, des promotions, ou toute autre forme valable), vos donn\u00e9es appartiendront au r\u00e9seau social correspondant, c&#8217;est pourquoi nous vous recommandons de lire attentivement leurs conditions d&#8217;utilisation et politiques de confidentialit\u00e9, ainsi que de configurer vos pr\u00e9f\u00e9rences concernant le traitement des donn\u00e9es.<\/em><\/p>\n<ol start=\"11\">\n<li><strong><em>MODIFICATIONS \/ MISES \u00c0 JOUR<\/em><\/strong><\/li>\n<\/ol>\n<p><em>La pr\u00e9sente politique de confidentialit\u00e9 peut \u00eatre modifi\u00e9e \/ mise \u00e0 jour en fonction des exigences l\u00e9gales \u00e9tablies ou afin d&#8217;adapter cette politique aux instructions dict\u00e9es par l&#8217;Agence Espagnole de Protection des Donn\u00e9es ou aux changements sur notre site web.<\/em><\/p>\n<p><em>Pour cette raison, nous conseillons aux utilisateurs de visiter p\u00e9riodiquement notre politique de confidentialit\u00e9.<\/em><\/p>\n<p><em>Si vous avez des questions concernant cette politique, vous pouvez contacter WELCOMENEXT S.L. via l&#8217;e-mail suivant : info@welcomenext.com<\/em><\/p>\n<p><strong>Derni\u00e8re r\u00e9vision : 14 mai 2021<\/strong><\/p>\n<\/div><\/div><\/div><\/div><\/div>\n","protected":false},"excerpt":{"rendered":"","protected":false},"author":2,"featured_media":0,"parent":0,"menu_order":0,"comment_status":"closed","ping_status":"closed","template":"","meta":{"iawp_total_views":7,"footnotes":""},"class_list":["post-3008","page","type-page","status-publish","hentry"],"yoast_head":"<!-- This site is optimized with the Yoast SEO plugin v27.4 - https:\/\/yoast.com\/product\/yoast-seo-wordpress\/ -->\n<title>Politique de confidentialit\u00e9 - scormPROXY<\/title>\n<meta name=\"robots\" content=\"index, follow, max-snippet:-1, max-image-preview:large, max-video-preview:-1\" \/>\n<link rel=\"canonical\" href=\"https:\/\/welcomenext.com\/scormproxy\/fr\/politique-de-confidentialite\/\" \/>\n<meta property=\"og:locale\" content=\"es_ES\" \/>\n<meta property=\"og:type\" content=\"article\" \/>\n<meta property=\"og:title\" content=\"Politique de confidentialit\u00e9 - scormPROXY\" \/>\n<meta property=\"og:url\" content=\"https:\/\/welcomenext.com\/scormproxy\/fr\/politique-de-confidentialite\/\" \/>\n<meta property=\"og:site_name\" content=\"scormPROXY\" \/>\n<meta name=\"twitter:card\" content=\"summary_large_image\" \/>\n<meta name=\"twitter:label1\" content=\"Tiempo de lectura\" \/>\n\t<meta name=\"twitter:data1\" content=\"7 minutos\" \/>\n<script type=\"application\/ld+json\" class=\"yoast-schema-graph\">{\"@context\":\"https:\\\/\\\/schema.org\",\"@graph\":[{\"@type\":\"WebPage\",\"@id\":\"https:\\\/\\\/welcomenext.com\\\/scormproxy\\\/fr\\\/politique-de-confidentialite\\\/\",\"url\":\"https:\\\/\\\/welcomenext.com\\\/scormproxy\\\/fr\\\/politique-de-confidentialite\\\/\",\"name\":\"Politique de confidentialit\u00e9 - scormPROXY\",\"isPartOf\":{\"@id\":\"https:\\\/\\\/welcomenext.com\\\/scormproxy\\\/#website\"},\"datePublished\":\"2024-07-15T11:49:46+00:00\",\"breadcrumb\":{\"@id\":\"https:\\\/\\\/welcomenext.com\\\/scormproxy\\\/fr\\\/politique-de-confidentialite\\\/#breadcrumb\"},\"inLanguage\":\"es\",\"potentialAction\":[{\"@type\":\"ReadAction\",\"target\":[\"https:\\\/\\\/welcomenext.com\\\/scormproxy\\\/fr\\\/politique-de-confidentialite\\\/\"]}]},{\"@type\":\"BreadcrumbList\",\"@id\":\"https:\\\/\\\/welcomenext.com\\\/scormproxy\\\/fr\\\/politique-de-confidentialite\\\/#breadcrumb\",\"itemListElement\":[{\"@type\":\"ListItem\",\"position\":1,\"name\":\"Portada\",\"item\":\"https:\\\/\\\/welcomenext.com\\\/scormproxy\\\/es\\\/\"},{\"@type\":\"ListItem\",\"position\":2,\"name\":\"Politique de confidentialit\u00e9\"}]},{\"@type\":\"WebSite\",\"@id\":\"https:\\\/\\\/welcomenext.com\\\/scormproxy\\\/#website\",\"url\":\"https:\\\/\\\/welcomenext.com\\\/scormproxy\\\/\",\"name\":\"scormPROXY\",\"description\":\"Plataforma de distribuci\u00f3n de contenidos\",\"potentialAction\":[{\"@type\":\"SearchAction\",\"target\":{\"@type\":\"EntryPoint\",\"urlTemplate\":\"https:\\\/\\\/welcomenext.com\\\/scormproxy\\\/?s={search_term_string}\"},\"query-input\":{\"@type\":\"PropertyValueSpecification\",\"valueRequired\":true,\"valueName\":\"search_term_string\"}}],\"inLanguage\":\"es\"}]}<\/script>\n<!-- \/ Yoast SEO plugin. -->","yoast_head_json":{"title":"Politique de confidentialit\u00e9 - scormPROXY","robots":{"index":"index","follow":"follow","max-snippet":"max-snippet:-1","max-image-preview":"max-image-preview:large","max-video-preview":"max-video-preview:-1"},"canonical":"https:\/\/welcomenext.com\/scormproxy\/fr\/politique-de-confidentialite\/","og_locale":"es_ES","og_type":"article","og_title":"Politique de confidentialit\u00e9 - scormPROXY","og_url":"https:\/\/welcomenext.com\/scormproxy\/fr\/politique-de-confidentialite\/","og_site_name":"scormPROXY","twitter_card":"summary_large_image","twitter_misc":{"Tiempo de lectura":"7 minutos"},"schema":{"@context":"https:\/\/schema.org","@graph":[{"@type":"WebPage","@id":"https:\/\/welcomenext.com\/scormproxy\/fr\/politique-de-confidentialite\/","url":"https:\/\/welcomenext.com\/scormproxy\/fr\/politique-de-confidentialite\/","name":"Politique de confidentialit\u00e9 - scormPROXY","isPartOf":{"@id":"https:\/\/welcomenext.com\/scormproxy\/#website"},"datePublished":"2024-07-15T11:49:46+00:00","breadcrumb":{"@id":"https:\/\/welcomenext.com\/scormproxy\/fr\/politique-de-confidentialite\/#breadcrumb"},"inLanguage":"es","potentialAction":[{"@type":"ReadAction","target":["https:\/\/welcomenext.com\/scormproxy\/fr\/politique-de-confidentialite\/"]}]},{"@type":"BreadcrumbList","@id":"https:\/\/welcomenext.com\/scormproxy\/fr\/politique-de-confidentialite\/#breadcrumb","itemListElement":[{"@type":"ListItem","position":1,"name":"Portada","item":"https:\/\/welcomenext.com\/scormproxy\/es\/"},{"@type":"ListItem","position":2,"name":"Politique de confidentialit\u00e9"}]},{"@type":"WebSite","@id":"https:\/\/welcomenext.com\/scormproxy\/#website","url":"https:\/\/welcomenext.com\/scormproxy\/","name":"scormPROXY","description":"Plataforma de distribuci\u00f3n de contenidos","potentialAction":[{"@type":"SearchAction","target":{"@type":"EntryPoint","urlTemplate":"https:\/\/welcomenext.com\/scormproxy\/?s={search_term_string}"},"query-input":{"@type":"PropertyValueSpecification","valueRequired":true,"valueName":"search_term_string"}}],"inLanguage":"es"}]}},"lang":"fr","translations":{"fr":3008,"en":1274,"es":1168,"de":3159},"pll_sync_post":[],"_links":{"self":[{"href":"https:\/\/welcomenext.com\/scormproxy\/wp-json\/wp\/v2\/pages\/3008","targetHints":{"allow":["GET"]}}],"collection":[{"href":"https:\/\/welcomenext.com\/scormproxy\/wp-json\/wp\/v2\/pages"}],"about":[{"href":"https:\/\/welcomenext.com\/scormproxy\/wp-json\/wp\/v2\/types\/page"}],"author":[{"embeddable":true,"href":"https:\/\/welcomenext.com\/scormproxy\/wp-json\/wp\/v2\/users\/2"}],"replies":[{"embeddable":true,"href":"https:\/\/welcomenext.com\/scormproxy\/wp-json\/wp\/v2\/comments?post=3008"}],"version-history":[{"count":0,"href":"https:\/\/welcomenext.com\/scormproxy\/wp-json\/wp\/v2\/pages\/3008\/revisions"}],"wp:attachment":[{"href":"https:\/\/welcomenext.com\/scormproxy\/wp-json\/wp\/v2\/media?parent=3008"}],"curies":[{"name":"wp","href":"https:\/\/api.w.org\/{rel}","templated":true}]}}